060a
In base 12, what is 0 - 62176?
-62176
In base 6, what is -1021023 + -12?
-1021035
In base 13, what is 10500 - -1?
10501
In base 6, what is 3443 + -13122?
-5235
In base 15, what is -244d + -2?
-2450
In base 14, what is -c5a2 - 17?
-c5b9
In base 5, what is -220031 + 2?
-220024
In base 4, what is 1333231 + -2102?
1331123
In base 13, what is 2 - -32817?
32819
In base 10, what is 468 + 130?
598
In base 5, what is -21011 - 24?
-21040
In base 3, what is -1112112011201 - 10?
-1112112011211
In base 15, what is -3 + 1b8d4?
1b8d1
In base 3, what is 11011112 + 100?
11011212
In base 11, what is 11000 + -51?
10a5a
In base 16, what is -1 - -e6fa8?
e6fa7
In base 15, what is -372d + 16?
-3717
In base 2, what is 1111000001111110100 - 110?
1111000001111101110
In base 15, what is 746 - -de?
835
In base 16, what is 3 + 4374c?
4374f
In base 8, what is 264 - 232?
32
In base 6, what is 15 - 4345322?
-4345303
In base 7, what is 325524 + -1?
325523
In base 8, what is -54010 - -3?
-54005
In base 12, what is 17 - -1382a?
13845
In base 15, what is -7dd3 - -1c?
-7db6
In base 5, what is 442011 + 11?
442022
In base 11, what is -2a461 - -2?
-2a45a
In base 15, what is -2 + -525c5?
-525c7
In base 11, what is 4 + -37013?
-3700a
In base 6, what is -30204 + 1103?
-25101
In base 7, what is -2214 + -411?
-2625
In base 10, what is 4 - -16649?
16653
In base 13, what is 83 - -c7c?
1032
In base 12, what is -62937 + 5?
-62932
In base 3, what is -1210011101022 - 2?
-1210011101101
In base 4, what is -20 + -11212301?
-11212321
In base 6, what is 4325 + 523?
5252
In base 16, what is 0 + 15d3?
15d3
In base 3, what is 2012110 + 2021?
2021201
In base 13, what is 1ac4 - 6?
1abb
In base 12, what is 4 + -1a4a92?
-1a4a8a
In base 6, what is -52441 + 4?
-52433
In base 12, what is -307b10 - 0?
-307b10
In base 16, what is -6fa4 + -1a?
-6fbe
In base 15, what is -e52 - a1?
-1003
In base 15, what is -197b - 2?
-197d
In base 13, what is -2c82 - 58?
-300a
In base 11, what is 13242 + -9?
13234
In base 16, what is -188f6 + -3?
-188f9
In base 6, what is -4 + 43540?
43532
In base 6, what is -143253 + 22?
-143231
In base 12, what is 2318 + 328?
2644
In base 14, what is 14b4 + -35?
147d
In base 2, what is -11110101111 + 10111111?
-11011110000
In base 4, what is 102 - -12331?
13033
In base 5, what is 30131 - -2022?
32203
In base 8, what is -5 + -7277?
-7304
In base 4, what is 22 + -2220323?
-2220301
In base 6, what is 12541 + 44?
13025
In base 8, what is -464 + 6620?
6134
In base 14, what is 2c9 - -866?
b51
In base 3, what is -210010 + 1000?
-202010
In base 15, what is -2093 - 11?
-20a4
In base 6, what is -2425 - 131?
-3000
In base 9, what is 103 + -6374?
-6271
In base 8, what is 35761 - -36?
36017
In base 12, what is -17 - -16a52?
16a37
In base 5, what is -123330100 + -11?
-123330111
In base 14, what is 145 + 644?
789
In base 11, what is -148 - 1282?
-141a
In base 15, what is -4 - 2a7b9?
-2a7bd
In base 11, what is -7516 + 3a?
-7487
In base 5, what is 2210 - -1014?
3224
In base 7, what is -151203 + 4?
-151166
In base 2, what is 10 + -110100100010111001?
-110100100010110111
In base 15, what is 399a2 + -6?
3999b
In base 16, what is 4af + 466?
915
In base 9, what is -7 + 40571?
40563
In base 16, what is 136d - 66?
1307
In base 4, what is 0 - -232022?
232022
In base 5, what is 3 - 44442102?
-44442044
In base 6, what is -10333 - -30?
-10303
In base 14, what is -3 - 4182?
-4185
In base 7, what is 20 - -1301?
1321
In base 6, what is 213 - -32?
245
In base 2, what is -11111011 + -110101010100100?
-110101110011111
In base 7, what is -644 + 32?
-612
In base 9, what is 15 + 343?
358
In base 7, what is 0 - 30645?
-30645
In base 14, what is b32a3 + 5?
b32a8
In base 3, what is 1111120110001 - 0?
1111120110001
In base 10, what is 26 - 14700?
-14674
In base 16, what is -407 - -20?
-3e7
In base 5, what is -3232013 + 0?
-3232013
In base 7, what is -1011662 - 1?
-1011663
In base 4, what is 33201230 + 1?
33201231
In base 13, what is -2 - 6ab7?
-6ab9
In base 6, what is 321311 + -343?
320524
In base 15, what is -21 - -5e?
3d
In base 14, what is -1a193 - -2?
-1a191
In base 4, what is -110231 - -231?
-110000
In base 3, what is 1000 - -110211?
111211
In base 10, what is -755 + -1651?
-2406
In base 3, what is 20 - 210202102?
-210202012
In base 7, what is 33254 - 143?
33111
In base 9, what is 4 + -41077?
-41073
In base 15, what is -b392 + 9?
-b388
In base 8, what is 1140 + -104?
1034
In base 14, what is 42 + 232?
274
In base 14, what is -2 + dbd9?
dbd7
In base 4, what is 30323 + -212?
30111
In base 8, what is 2216 - -417?
2635
In base 3, what is -1012 - 21021?
-22110
In base 16, what is -230 - 8c?
-2bc
In base 8, what is -232 + 220?
-12
In base 11, what is 26 + 2422?
2448
In base 13, what is 1776300 + 3?
1776303
In base 3, what is 22 + 22000021002?
22000021101
In base 6, what is 3 - -52213?
52220
In base 11, what is -1240 + -25?
-1265
In base 14, what is 14d586 - -4?
14d58a
In base 9, what is 25676 - 521?
25155
In base 13, what is -195b - 342?
-1ca0
In base 10, what is 702 + 635?
1337
In base 6, what is 250 + -1401?
-1111
In base 7, what is -63 + 135654?
135561
In base 4, what is -102120 + -11?
-102131
In base 16, what is -de9 - -9?
-de0
In base 4, what is -220202 - 202?
-221010
In base 9, what is 1 + 4578?
4580
In base 14, what is 3 - b5c5?
-b5c2
In base 3, what is -200 - -121212122?
121211222
In base 3, what is -21112220 - 12002?
-21201222
In base 15, what is -1da9 - 0?
-1da9
In base 10, what is -16535 + 515?
-16020
In base 6, what is -1210554 - 3?
-1211001
In base 6, what is -4 + -12005531?
-12005535
In base 9, what is 6083 - 10?
6073
In base 2, what is -111001110110111 + 10000?
-111001110100111
In base 6, what is 1430 - -4?
1434
In base 2, what is 10100000 + -111111110?
-101011110
In base 16, what is e8047 - -2?
e8049
In base 14, what is 10 + 1b539?
1b549
In base 15, what is 7ea1 - 5?
7e9b
In base 6, what is -51232 + 0?
-51232
In base 12, what is 17 + -4ab01?
-4aaa6
In base 7, what is 1146 - 40?
1106
In base 12, what is 3 - -56393?
56396
In base 15, what is 113 - -7d?
191
In base 10, what is 151473 - 4?
151469
In base 11, what is -5210 + 1?
-520a
In base 14, what is -60067 + -1?
-60068
In base 12, what is 14 + 1594?
15a8
In base 2, what is 100 + 100111111000?
100111111100
In base 6, what is -1 + 5503500?
5503455
In base 10, what is -60645 + -2?
-60647
In base 12, what is -203413 + 2?
-203411
In base 9, what is -1 + -21724?
-21725
In base 8, what is 4 - -670344?
670350
In base 5, what is 31 - -330434?
331020
In base 9, what is -1 - 40774?
-40775
In base 11, what is -a381 - -18?
-a364
In base 5, what is -314340 + 33?
-314302
In base 2, what is -1010000001000011 + -1001?
-1010000001001100
In base 12, what is ab69 - -5?
ab72
In base 11, what is -3545070 + 0?
-3545070
In base 2, what is -110010 + -11001001100101?
-11001010010111
In base 13, what is -190747 - 4?
-19074b
In base 2, what is -111 + 1011101101111?
1011101101000
In base 12, what is -38 + a115?
a099
In base 14, what is 0 - 142a?
-142a
In base 3, what is -2022221 + -2210?
-2102201
In base 3, what is -21001 - 1112?
-22120
In base 10, what is 36 + -17042?
-17006
In base 3, what is 210 + 222110?
1000020
In base 16, what is -96dce - 1?
-96dcf
In base 11, what is -101 + 141?
40
In base 3, what is -1121012020 + 2121?
-1121002122
In base 6, what is -2 - 524332?
-524334
In base 4, what is -3 + 311011?
311002
In base 11, what is -119888 + 2?
-119886
In base 4, what is 3 - 10331102?
-10331033
In base 15, what is -12e595d + 0?
-12e595d
In base 10, what is -49 - -54?
5
In base 12, what is -35 + -54a?
-583
In base 12, what is -1944 - 125?
-1a69
In base 10, what is -645706 - -5?
-645701
In base 16, what is -3b2 + -183?
-535
In base 2, what is 11010011011110 - -100111?
11010100000101
In base 16, what is 1a3 + -74?
12f
In base 16, what is 2 - -5e3d?
5e3f
In base 4, what is -22 + -33331?
-100013
In base 4, what is -222 - -22300?
22012
In base 11, what is -138582 + -1?
-138583
In base 10, what is 40804 - 2?
40802
In base 7, what is 31 + 111?
142
In base 10, what is -88209 - 3?
-88212
In base 2, what is -101 - -100110010110?
100110010001
In base 3, what is -10111120200 - 11?
-10111120211
In base 2, what is 1010 - 100000101111?
-100000100101
In base 7, what is -2 + -20262?
-20264
In base 2, w